{"id":119,"date":"2020-09-01T19:08:19","date_gmt":"2020-09-01T22:08:19","guid":{"rendered":"http:\/\/bau.abmes.org.br\/?page_id=119"},"modified":"2020-09-15T23:43:26","modified_gmt":"2020-09-16T02:43:26","slug":"arlete-goncalves-ribeiro","status":"publish","type":"page","link":"https:\/\/bau.abmes.org.br\/?page_id=119","title":{"rendered":"Arlete Gon\u00e7alves Ribeiro"},"content":{"rendered":"\n<div class=\"wp-block-image\"><figure class=\"aligncenter size-large\"><img data-attachment-id=\"148\" data-permalink=\"https:\/\/bau.abmes.org.br\/?attachment_id=148\" data-orig-file=\"https:\/\/bau.abmes.org.br\/wp-content\/uploads\/2020\/09\/arlete.png\" data-orig-size=\"300,300\" data-comments-opened=\"1\" data-image-meta=\"{&quot;aperture&quot;:&quot;0&quot;,&quot;credit&quot;:&quot;&quot;,&quot;camera&quot;:&quot;&quot;,&quot;caption&quot;:&quot;&quot;,&quot;created_timestamp&quot;:&quot;0&quot;,&quot;copyright&quot;:&quot;&quot;,&quot;focal_length&quot;:&quot;0&quot;,&quot;iso&quot;:&quot;0&quot;,&quot;shutter_speed&quot;:&quot;0&quot;,&quot;title&quot;:&quot;&quot;,&quot;orientation&quot;:&quot;0&quot;}\" data-image-title=\"arlete\" data-image-description=\"\" data-medium-file=\"https:\/\/bau.abmes.org.br\/wp-content\/uploads\/2020\/09\/arlete.png\" data-large-file=\"https:\/\/bau.abmes.org.br\/wp-content\/uploads\/2020\/09\/arlete.png\" loading=\"lazy\" width=\"300\" height=\"300\" src=\"http:\/\/bau.abmes.org.br\/wp-content\/uploads\/2020\/09\/arlete.png\" alt=\"\" class=\"wp-image-148\" srcset=\"https:\/\/bau.abmes.org.br\/wp-content\/uploads\/2020\/09\/arlete.png 300w, https:\/\/bau.abmes.org.br\/wp-content\/uploads\/2020\/09\/arlete-150x150.png 150w\" sizes=\"(max-width: 300px) 100vw, 300px\" \/><\/figure><\/div>\n\n\n\n<blockquote class=\"wp-block-quote\"><p>\u201cFuncion\u00e1ria muito correta, dedicada e discreta, dotada do senso de lealdade a toda prova, que a todos encanta por sua simplicidade.\u201d<\/p><\/blockquote>\n\n\n\n<!--more-->\n\n\n\n<h4 class=\"has-text-align-center\"><em>Assessora Administrativa e Financeira<\/em><\/h4>\n\n\n\n<p class=\"has-text-align-center\">No dia 17 de setembro de 2020 comemoramos os 30 anos de atua\u00e7\u00e3o da colaboradora Arlete Ribeiro na ABMES. Durante esse tempo, assim como uma boa fam\u00edlia, pudemos acompanhar sua ascens\u00e3o profissional e suas conquistas pessoais.<\/p>\n\n\n\n<p class=\"has-text-align-center\">A brasiliense Arlete, de fam\u00edlia simples e muito unida, come\u00e7ou sua trajet\u00f3ria na ABMES muito jovem, aos 19 anos. Foi no dia 17 de setembro de 1990 que ela foi contratada para trabalhar como auxiliar de secretaria, durante os dois \u00faltimos anos da gest\u00e3o de Candido Mendes, o primeiro a presidir a Associa\u00e7\u00e3o.\u00a0<\/p>\n\n\n\n<p class=\"has-text-align-center\">Ap\u00f3s dois anos de casa, foi promovida a secret\u00e1ria executiva, na gest\u00e3o de \u00c9dson Franco (1992\/2004). Conheceu Ricardo, com quem se casou em julho de 1993 e posteriormente tiveram uma filha, Bruna, que hoje est\u00e1 com 24 anos. Logo depois come\u00e7ou a cursar a faculdade de administra\u00e7\u00e3o de empresas, podendo somar seus conhecimentos \u00e0s atividades desenvolvidas na ABMES.<\/p>\n\n\n\n<p class=\"has-text-align-center\">Arlete participou dos diversos desafios e conquistas ao longo da hist\u00f3ria da ABMES. P\u00f4de contribuir para o alcance dos resultados junto com pessoas incr\u00edveis que percorreram a trilha de sucesso da entidade, como o diretor administrativo Padre D\u00e9cio, a diretora executiva Anna Maria Iida e a diretoria acad\u00eamica Cec\u00edlia Horta, durante fase em que estiveram na gest\u00e3o de Gabriel Mario Rodrigues (2004 a 2016).<\/p>\n\n\n\n<p class=\"has-text-align-center\">Em 2013, Arlete foi promovida a assessora administrativa e, em 2019, na gest\u00e3o de Celso Niskier, a assessora administrativa e financeira \u2013 afirmando ainda mais sua dedica\u00e7\u00e3o e compet\u00eancia na realiza\u00e7\u00e3o dos trabalhos \u2013 atividade que desenvolve com muita excel\u00eancia, sendo o bra\u00e7o direito do diretor executivo, S\u00f3lon Caldas.\u00a0<\/p>\n\n\n\n<p class=\"has-text-align-center\">Um dos maiores objetivos de Arlete, era poder realizar o sonho da filha, de ser m\u00e9dica. O que foi poss\u00edvel em 2015, quando Bruna entrou na faculdade, e hoje est\u00e1 no final do curso. Bruna \u00e9 o maior orgulho da fam\u00edlia. Sua conquista foi fruto de muito esfor\u00e7o e dedica\u00e7\u00e3o de Arlete que abdicou de tudo o que p\u00f4de para a realiza\u00e7\u00e3o desse grande sonho.\u00a0\u00a0<\/p>\n\n\n\n<p class=\"has-text-align-center\">Parab\u00e9ns Arlete, pela presta\u00e7\u00e3o de seus servi\u00e7os \u00e0 ABMES, nesses \u00faltimos 30 anos, e pela pessoa que \u00e9, de alma serena, mas guerreira, persistente na busca dos seus objetivos. Voc\u00ea faz parte do sucesso da Associa\u00e7\u00e3o e temos muito orgulho de t\u00ea-la no nosso time!<\/p>\n","protected":false},"excerpt":{"rendered":"<p>\u201cFuncion\u00e1ria muito correta, dedicada e discreta, dotada do senso de lealdade a toda prova, que a todos encanta por sua simplicidade.\u201d<\/p>\n","protected":false},"author":3,"featured_media":0,"parent":0,"menu_order":0,"comment_status":"closed","ping_status":"closed","template":"","meta":{"spay_email":""},"jetpack_sharing_enabled":true,"jetpack_likes_enabled":true,"_links":{"self":[{"href":"https:\/\/bau.abmes.org.br\/index.php?rest_route=\/wp\/v2\/pages\/119"}],"collection":[{"href":"https:\/\/bau.abmes.org.br\/index.php?rest_route=\/wp\/v2\/pages"}],"about":[{"href":"https:\/\/bau.abmes.org.br\/index.php?rest_route=\/wp\/v2\/types\/page"}],"author":[{"embeddable":true,"href":"https:\/\/bau.abmes.org.br\/index.php?rest_route=\/wp\/v2\/users\/3"}],"replies":[{"embeddable":true,"href":"https:\/\/bau.abmes.org.br\/index.php?rest_route=%2Fwp%2Fv2%2Fcomments&post=119"}],"version-history":[{"count":9,"href":"https:\/\/bau.abmes.org.br\/index.php?rest_route=\/wp\/v2\/pages\/119\/revisions"}],"predecessor-version":[{"id":212,"href":"https:\/\/bau.abmes.org.br\/index.php?rest_route=\/wp\/v2\/pages\/119\/revisions\/212"}],"wp:attachment":[{"href":"https:\/\/bau.abmes.org.br\/index.php?rest_route=%2Fwp%2Fv2%2Fmedia&parent=119"}],"curies":[{"name":"wp","href":"https:\/\/api.w.org\/{rel}","templated":true}]}}